{"id":198,"date":"2025-03-18T02:48:41","date_gmt":"2025-03-18T01:48:41","guid":{"rendered":"https:\/\/mobilet.eu\/at\/?post_type=philosophy&#038;p=198"},"modified":"2025-05-12T08:51:56","modified_gmt":"2025-05-12T06:51:56","slug":"soziales-engagement","status":"publish","type":"philosophy","link":"https:\/\/mobilet.eu\/at\/philosophy\/soziales-engagement\/","title":{"rendered":"Soziales Engagement"},"content":{"rendered":"\n<h2 class=\"wp-block-heading\">Bewegung ist uns wichtig<\/h2>\n\n\n\n<p class=\"wp-block-paragraph\">Soziales Engagement spielt eine zentrale Rolle in unserer Philosophie, insbesondere im Bereich des Jugend- und Breitensports. Wir sind \u00fcberzeugt, dass Bewegung, Spiel und Sport nicht nur k\u00f6rperliche Gesundheit f\u00f6rdern, sondern auch die Pers\u00f6nlichkeitsentwicklung unterst\u00fctzen. In Sportvereinen, wo gemeinsame Ziele verfolgt und mit Freunden trainiert wird, wird nicht nur k\u00f6rperliche Fitness, sondern auch Empathie und Teamgeist gef\u00f6rdert. Diese Werte sind f\u00fcr uns von unsch\u00e4tzbarem Wert.<\/p>\n\n\n\n<p class=\"wp-block-paragraph\">Ein gro\u00dfer Dank geb\u00fchrt unseren engagierten ehrenamtlichen Helferinnen, den ambitionierten Trainerinnen und den unterst\u00fctzenden Eltern. Ihre unerm\u00fcdliche Arbeit im Verein ist die treibende Kraft hinter unserem Erfolg. Das Engagement geht jedoch \u00fcber die Grenzen unseres Vereins hinaus. Wir sind stolz darauf, die Jugendarbeit des 2018 gegr\u00fcndeten&nbsp;<a href=\"https:\/\/kickers-horlofftal.de\/\" target=\"_blank\" rel=\"noreferrer noopener\">Kickers Horlofftal e.V.<\/a>, sowie die Handballer der&nbsp;<a href=\"https:\/\/sgwoelfe.de\/\" target=\"_blank\" rel=\"noreferrer noopener\">SG Menden Sauerland W\u00f6lfe<\/a>&nbsp;aktiv unterst\u00fctzt zu haben. Die F\u00f6rderung solcher Jugendprojekte ist f\u00fcr uns eine Investition in eine gemeinsame Zukunft.<\/p>\n\n\n\n<p class=\"wp-block-paragraph\">Dar\u00fcber hinaus haben wir die Arbeit des&nbsp;<a href=\"https:\/\/www.ksb-soest.de\/\" target=\"_blank\" rel=\"noreferrer noopener\">KreisSportBundes Soest e.V.<\/a>&nbsp;tatkr\u00e4ftig unterst\u00fctzt. Als Dachorganisation von \u00fcber 400 aktiven Sportvereinen im Kreis Soest spielt der KreisSportBund eine entscheidende Rolle bei der Koordination und F\u00f6rderung des Breitensports. Durch unsere Unterst\u00fctzung m\u00f6chten wir dazu beitragen, dass Sport f\u00fcr Menschen aller Altersgruppen und Hintergr\u00fcnde zug\u00e4nglich ist und die positive Wirkung von Bewegung und Teamarbeit in der Gemeinschaft erlebt werden kann.<\/p>\n\n\n\n<p class=\"wp-block-paragraph\">Unsere Verpflichtung zum sozialen Engagement im Sport spiegelt wieder, dass f\u00fcr uns nicht nur der Wettbewerb auf dem Spielfeld wichtig ist, sondern auch die Werte, die durch Sport vermittelt werden. Wir sind froh dar\u00fcber, einen Beitrag zur F\u00f6rderung von Gesundheit, Teamgeist und Gemeinschaft in unserer Region leisten zu k\u00f6nnen.<\/p>\n","protected":false},"excerpt":{"rendered":"<p>Bewegung ist uns wichtig Soziales Engagement spielt eine zentrale Rolle in unserer Philosophie, insbesondere im Bereich des Jugend- und Breitensports. &#8230; <a href=\"https:\/\/mobilet.eu\/at\/philosophy\/soziales-engagement\/\" aria-label=\"Weiterlesen \u00fcber Soziales Engagement\">Weiterlesen \u00fcber Soziales Engagement<\/a><\/p>\n","protected":false},"author":20,"featured_media":0,"parent":0,"template":"","class_list":["post-198","philosophy","type-philosophy","status-publish","hentry"],"yoast_head":"<!-- This site is optimized with the Yoast SEO plugin v27.4 - https:\/\/yoast.com\/product\/yoast-seo-wordpress\/ -->\n<title>Soziales Engagement - mobilet.at<\/title>\n<meta name=\"robots\" content=\"index, follow, max-snippet:-1, max-image-preview:large, max-video-preview:-1\" \/>\n<link rel=\"canonical\" href=\"https:\/\/mobilet.eu\/at\/philosophy\/soziales-engagement\/\" \/>\n<meta property=\"og:locale\" content=\"de_DE\" \/>\n<meta property=\"og:type\" content=\"article\" \/>\n<meta property=\"og:title\" content=\"Soziales Engagement - mobilet.at\" \/>\n<meta property=\"og:description\" content=\"Bewegung ist uns wichtig Soziales Engagement spielt eine zentrale Rolle in unserer Philosophie, insbesondere im Bereich des Jugend- und Breitensports. ... Weiterlesen \u00fcber Soziales Engagement\" \/>\n<meta property=\"og:url\" content=\"https:\/\/mobilet.eu\/at\/philosophy\/soziales-engagement\/\" \/>\n<meta property=\"og:site_name\" content=\"mobilet.at\" \/>\n<meta property=\"article:modified_time\" content=\"2025-05-12T06:51:56+00:00\" \/>\n<meta name=\"twitter:card\" content=\"summary_large_image\" \/>\n<meta name=\"twitter:label1\" content=\"Gesch\u00e4tzte Lesezeit\" \/>\n\t<meta name=\"twitter:data1\" content=\"2\u00a0Minuten\" \/>\n<script type=\"application\/ld+json\" class=\"yoast-schema-graph\">{\"@context\":\"https:\\\/\\\/schema.org\",\"@graph\":[{\"@type\":\"WebPage\",\"@id\":\"https:\\\/\\\/mobilet.eu\\\/at\\\/philosophy\\\/soziales-engagement\\\/\",\"url\":\"https:\\\/\\\/mobilet.eu\\\/at\\\/philosophy\\\/soziales-engagement\\\/\",\"name\":\"Soziales Engagement - mobilet.at\",\"isPartOf\":{\"@id\":\"https:\\\/\\\/mobilet.eu\\\/at\\\/#website\"},\"datePublished\":\"2025-03-18T01:48:41+00:00\",\"dateModified\":\"2025-05-12T06:51:56+00:00\",\"breadcrumb\":{\"@id\":\"https:\\\/\\\/mobilet.eu\\\/at\\\/philosophy\\\/soziales-engagement\\\/#breadcrumb\"},\"inLanguage\":\"de\",\"potentialAction\":[{\"@type\":\"ReadAction\",\"target\":[\"https:\\\/\\\/mobilet.eu\\\/at\\\/philosophy\\\/soziales-engagement\\\/\"]}]},{\"@type\":\"BreadcrumbList\",\"@id\":\"https:\\\/\\\/mobilet.eu\\\/at\\\/philosophy\\\/soziales-engagement\\\/#breadcrumb\",\"itemListElement\":[{\"@type\":\"ListItem\",\"position\":1,\"name\":\"Strona g\u0142\u00f3wna\",\"item\":\"https:\\\/\\\/mobilet.eu\\\/at\\\/\"},{\"@type\":\"ListItem\",\"position\":2,\"name\":\"Soziales Engagement\"}]},{\"@type\":\"WebSite\",\"@id\":\"https:\\\/\\\/mobilet.eu\\\/at\\\/#website\",\"url\":\"https:\\\/\\\/mobilet.eu\\\/at\\\/\",\"name\":\"mobilet.at\",\"description\":\"\",\"potentialAction\":[{\"@type\":\"SearchAction\",\"target\":{\"@type\":\"EntryPoint\",\"urlTemplate\":\"https:\\\/\\\/mobilet.eu\\\/at\\\/?s={search_term_string}\"},\"query-input\":{\"@type\":\"PropertyValueSpecification\",\"valueRequired\":true,\"valueName\":\"search_term_string\"}}],\"inLanguage\":\"de\"}]}<\/script>\n<!-- \/ Yoast SEO plugin. -->","yoast_head_json":{"title":"Soziales Engagement - mobilet.at","robots":{"index":"index","follow":"follow","max-snippet":"max-snippet:-1","max-image-preview":"max-image-preview:large","max-video-preview":"max-video-preview:-1"},"canonical":"https:\/\/mobilet.eu\/at\/philosophy\/soziales-engagement\/","og_locale":"de_DE","og_type":"article","og_title":"Soziales Engagement - mobilet.at","og_description":"Bewegung ist uns wichtig Soziales Engagement spielt eine zentrale Rolle in unserer Philosophie, insbesondere im Bereich des Jugend- und Breitensports. ... Weiterlesen \u00fcber Soziales Engagement","og_url":"https:\/\/mobilet.eu\/at\/philosophy\/soziales-engagement\/","og_site_name":"mobilet.at","article_modified_time":"2025-05-12T06:51:56+00:00","twitter_card":"summary_large_image","twitter_misc":{"Gesch\u00e4tzte Lesezeit":"2\u00a0Minuten"},"schema":{"@context":"https:\/\/schema.org","@graph":[{"@type":"WebPage","@id":"https:\/\/mobilet.eu\/at\/philosophy\/soziales-engagement\/","url":"https:\/\/mobilet.eu\/at\/philosophy\/soziales-engagement\/","name":"Soziales Engagement - mobilet.at","isPartOf":{"@id":"https:\/\/mobilet.eu\/at\/#website"},"datePublished":"2025-03-18T01:48:41+00:00","dateModified":"2025-05-12T06:51:56+00:00","breadcrumb":{"@id":"https:\/\/mobilet.eu\/at\/philosophy\/soziales-engagement\/#breadcrumb"},"inLanguage":"de","potentialAction":[{"@type":"ReadAction","target":["https:\/\/mobilet.eu\/at\/philosophy\/soziales-engagement\/"]}]},{"@type":"BreadcrumbList","@id":"https:\/\/mobilet.eu\/at\/philosophy\/soziales-engagement\/#breadcrumb","itemListElement":[{"@type":"ListItem","position":1,"name":"Strona g\u0142\u00f3wna","item":"https:\/\/mobilet.eu\/at\/"},{"@type":"ListItem","position":2,"name":"Soziales Engagement"}]},{"@type":"WebSite","@id":"https:\/\/mobilet.eu\/at\/#website","url":"https:\/\/mobilet.eu\/at\/","name":"mobilet.at","description":"","potentialAction":[{"@type":"SearchAction","target":{"@type":"EntryPoint","urlTemplate":"https:\/\/mobilet.eu\/at\/?s={search_term_string}"},"query-input":{"@type":"PropertyValueSpecification","valueRequired":true,"valueName":"search_term_string"}}],"inLanguage":"de"}]}},"_links":{"self":[{"href":"https:\/\/mobilet.eu\/at\/wp-json\/wp\/v2\/philosophy\/198","targetHints":{"allow":["GET"]}}],"collection":[{"href":"https:\/\/mobilet.eu\/at\/wp-json\/wp\/v2\/philosophy"}],"about":[{"href":"https:\/\/mobilet.eu\/at\/wp-json\/wp\/v2\/types\/philosophy"}],"author":[{"embeddable":true,"href":"https:\/\/mobilet.eu\/at\/wp-json\/wp\/v2\/users\/20"}],"version-history":[{"count":2,"href":"https:\/\/mobilet.eu\/at\/wp-json\/wp\/v2\/philosophy\/198\/revisions"}],"predecessor-version":[{"id":239,"href":"https:\/\/mobilet.eu\/at\/wp-json\/wp\/v2\/philosophy\/198\/revisions\/239"}],"wp:attachment":[{"href":"https:\/\/mobilet.eu\/at\/wp-json\/wp\/v2\/media?parent=198"}],"curies":[{"name":"wp","href":"https:\/\/api.w.org\/{rel}","templated":true}]}}

<h2 class="wp-block-heading">Bewegung ist uns wichtig</h2>



<p class="wp-block-paragraph">Soziales Engagement spielt eine zentrale Rolle in unserer Philosophie, insbesondere im Bereich des Jugend- und Breitensports. Wir sind überzeugt, dass Bewegung, Spiel und Sport nicht nur körperliche Gesundheit fördern, sondern auch die Persönlichkeitsentwicklung unterstützen. In Sportvereinen, wo gemeinsame Ziele verfolgt und mit Freunden trainiert wird, wird nicht nur körperliche Fitness, sondern auch Empathie und Teamgeist gefördert. Diese Werte sind für uns von unschätzbarem Wert.</p>



<p class="wp-block-paragraph">Ein großer Dank gebührt unseren engagierten ehrenamtlichen Helferinnen, den ambitionierten Trainerinnen und den unterstützenden Eltern. Ihre unermüdliche Arbeit im Verein ist die treibende Kraft hinter unserem Erfolg. Das Engagement geht jedoch über die Grenzen unseres Vereins hinaus. Wir sind stolz darauf, die Jugendarbeit des 2018 gegründeten&nbsp;<a href="https://kickers-horlofftal.de/" target="_blank" rel="noreferrer noopener">Kickers Horlofftal e.V.</a>, sowie die Handballer der&nbsp;<a href="https://sgwoelfe.de/" target="_blank" rel="noreferrer noopener">SG Menden Sauerland Wölfe</a>&nbsp;aktiv unterstützt zu haben. Die Förderung solcher Jugendprojekte ist für uns eine Investition in eine gemeinsame Zukunft.</p>



<p class="wp-block-paragraph">Darüber hinaus haben wir die Arbeit des&nbsp;<a href="https://www.ksb-soest.de/" target="_blank" rel="noreferrer noopener">KreisSportBundes Soest e.V.</a>&nbsp;tatkräftig unterstützt. Als Dachorganisation von über 400 aktiven Sportvereinen im Kreis Soest spielt der KreisSportBund eine entscheidende Rolle bei der Koordination und Förderung des Breitensports. Durch unsere Unterstützung möchten wir dazu beitragen, dass Sport für Menschen aller Altersgruppen und Hintergründe zugänglich ist und die positive Wirkung von Bewegung und Teamarbeit in der Gemeinschaft erlebt werden kann.</p>



<p class="wp-block-paragraph">Unsere Verpflichtung zum sozialen Engagement im Sport spiegelt wieder, dass für uns nicht nur der Wettbewerb auf dem Spielfeld wichtig ist, sondern auch die Werte, die durch Sport vermittelt werden. Wir sind froh darüber, einen Beitrag zur Förderung von Gesundheit, Teamgeist und Gemeinschaft in unserer Region leisten zu können.</p>

<p>Bewegung ist uns wichtig Soziales Engagement spielt eine zentrale Rolle in unserer Philosophie, insbesondere im Bereich des Jugend- und Breitensports. &#8230; <a href="https://mobilet.eu/at/philosophy/soziales-engagement/" aria-label="Weiterlesen über Soziales Engagement">Weiterlesen über Soziales Engagement</a></p>

<!-- This site is optimized with the Yoast SEO plugin v27.4 - https://yoast.com/product/yoast-seo-wordpress/ -->
<title>Soziales Engagement - mobilet.at</title>
<meta name="robots" content="index, follow, max-snippet:-1, max-image-preview:large, max-video-preview:-1" />
<link rel="canonical" href="https://mobilet.eu/at/philosophy/soziales-engagement/" />
<meta property="og:locale" content="de_DE" />
<meta property="og:type" content="article" />
<meta property="og:title" content="Soziales Engagement - mobilet.at" />
<meta property="og:description" content="Bewegung ist uns wichtig Soziales Engagement spielt eine zentrale Rolle in unserer Philosophie, insbesondere im Bereich des Jugend- und Breitensports. ... Weiterlesen über Soziales Engagement" />
<meta property="og:url" content="https://mobilet.eu/at/philosophy/soziales-engagement/" />
<meta property="og:site_name" content="mobilet.at" />
<meta property="article:modified_time" content="2025-05-12T06:51:56+00:00" />
<meta name="twitter:card" content="summary_large_image" />
<meta name="twitter:label1" content="Geschätzte Lesezeit" />
	<meta name="twitter:data1" content="2 Minuten" />
<script type="application/ld+json" class="yoast-schema-graph">{"@context":"https:\/\/schema.org","@graph":[{"@type":"WebPage","@id":"https:\/\/mobilet.eu\/at\/philosophy\/soziales-engagement\/","url":"https:\/\/mobilet.eu\/at\/philosophy\/soziales-engagement\/","name":"Soziales Engagement - mobilet.at","isPartOf":{"@id":"https:\/\/mobilet.eu\/at\/#website"},"datePublished":"2025-03-18T01:48:41+00:00","dateModified":"2025-05-12T06:51:56+00:00","breadcrumb":{"@id":"https:\/\/mobilet.eu\/at\/philosophy\/soziales-engagement\/#breadcrumb"},"inLanguage":"de","potentialAction":[{"@type":"ReadAction","target":["https:\/\/mobilet.eu\/at\/philosophy\/soziales-engagement\/"]}]},{"@type":"BreadcrumbList","@id":"https:\/\/mobilet.eu\/at\/philosophy\/soziales-engagement\/#breadcrumb","itemListElement":[{"@type":"ListItem","position":1,"name":"Strona główna","item":"https:\/\/mobilet.eu\/at\/"},{"@type":"ListItem","position":2,"name":"Soziales Engagement"}]},{"@type":"WebSite","@id":"https:\/\/mobilet.eu\/at\/#website","url":"https:\/\/mobilet.eu\/at\/","name":"mobilet.at","description":"","potentialAction":[{"@type":"SearchAction","target":{"@type":"EntryPoint","urlTemplate":"https:\/\/mobilet.eu\/at\/?s={search_term_string}"},"query-input":{"@type":"PropertyValueSpecification","valueRequired":true,"valueName":"search_term_string"}}],"inLanguage":"de"}]}</script>
<!-- / Yoast SEO plugin. -->

Bewegung ist uns wichtig Soziales Engagement spielt eine zentrale Rolle in unserer Philosophie, insbesondere im Bereich des Jugend- und Breitensports. ... Weiterlesen über Soziales Engagement

Strona główna
