{"id":10438,"date":"2023-09-04T16:43:59","date_gmt":"2023-09-04T14:43:59","guid":{"rendered":"https:\/\/mobilet.eu\/de\/?post_type=staedte&#038;p=10438"},"modified":"2023-09-04T16:44:01","modified_gmt":"2023-09-04T14:44:01","slug":"bruchsal","status":"publish","type":"staedte","link":"https:\/\/mobilet.eu\/de\/staedte\/bruchsal\/","title":{"rendered":"Bruchsal"},"content":{"rendered":"\n<p class=\"wp-block-paragraph\">Jetzt <a href=\"https:\/\/mobilet.eu\/de\/\">mobilet <\/a>in Bruchsal nutzen!<\/p>\n\n\n\n<p class=\"wp-block-paragraph\">Bruchsal liegt im Bundesland Baden-W\u00fcrttemberg n\u00e4he Karlsruhe. Hier gibt es den gr\u00f6\u00dften Spargelmarkt Europas und eine weite Auswahl an regionalem Wein als ideale Erg\u00e4nzung. Die Stadt dient zudem als Mittelzentrum f\u00fcr die umliegenden Gemeinden.<\/p>\n\n\n\n<p class=\"wp-block-paragraph\">Das Barockschloss ist bekannt f\u00fcr das Treppenhaus des Baumeisters Balthasar Neumann und den Schlossgarten. Die prunkvollen Fests\u00e4le entstanden alle im Stil des Barock und des Rokoko und ihre Deckenbemalungen erz\u00e4hlen Geschichten Vergangenheit, Gegenwart und Zukunft. Hier im Schloss befinden sich zudem das St\u00e4dtische Museum und das Deutsche Musikautomaten-Museum, sowie R\u00e4umlichkeiten f\u00fcr private und \u00f6ffentliche Veranstaltungen.<\/p>\n\n\n\n<p class=\"wp-block-paragraph\">Eine weitere Sehensw\u00fcrdigkeit ist das Belvedere am Stadtgarten. Es besteht aus zwei T\u00fcrmen und einer Aussichtsplattform, alles im chinesischen Stil. Der Bergfried ist das \u00e4lteste Bauwerk Bruchsals und dient heute ebenfalls als Aussichtsplattform. Von hier haben Besucher:innen einen weiten Blick \u00fcber die umliegende Landschaft.<\/p>\n\n\n\n<p class=\"wp-block-paragraph\">Die Kunst spielt eine besonders gro\u00dfe Rolle. J\u00e4hrlich gibt es eine Hobby und Kunst Ausstellung und die vielen Museen behandeln die unterschiedlichsten Themen.<\/p>\n\n\n\n<p class=\"wp-block-paragraph\">Aber auch um Bruchsal herum gibt es einiges zu entdecken. Die Wein-Wald-Region Kraichgau-Stromberg liegt zwischen den Fl\u00fcssen Rhein und Neckar. Die Region Oberrhein ist bekannt daf\u00fcr, dass sie sich \u00fcber drei verschiedene L\u00e4nder erstreckt: Frankreich, Deutschland und Schweiz.<\/p>\n\n\n\n<p class=\"wp-block-paragraph\">Entdecke nun mobilet in Bruchsal, denn parken war hier nie einfacher!<\/p>\n\n\n\n<p class=\"wp-block-paragraph\">Mehr \u00fcber Bruchsal erf\u00e4hrst du <a href=\"https:\/\/www.bruchsal.de\/startseite\">hier<\/a>.<\/p>\n","protected":false},"excerpt":{"rendered":"<p>Jetzt mobilet in Bruchsal nutzen! Bruchsal liegt im Bundesland Baden-W\u00fcrttemberg n\u00e4he Karlsruhe. Hier gibt es den gr\u00f6\u00dften Spargelmarkt Europas und &#8230; <a href=\"https:\/\/mobilet.eu\/de\/staedte\/bruchsal\/\" aria-label=\"Weiterlesen \u00fcber Bruchsal\">Weiterlesen \u00fcber Bruchsal<\/a><\/p>\n","protected":false},"author":20,"featured_media":10439,"template":"","meta":{"_crdt_document":"","content-type":"","footnotes":""},"modules":[],"class_list":["post-10438","staedte","type-staedte","status-publish","has-post-thumbnail","hentry"],"yoast_head":"<!-- This site is optimized with the Yoast SEO plugin v27.4 - https:\/\/yoast.com\/product\/yoast-seo-wordpress\/ -->\n<title>Bruchsal | mobilet.de<\/title>\n<meta name=\"description\" content=\"Deine gesamte Mobilit\u00e4t in einer App, die dir die Reise durch Bruchsal ganz einfach macht. Entdecke jetzt mobilet in Bruchsal.\" \/>\n<meta name=\"robots\" content=\"index, follow, max-snippet:-1, max-image-preview:large, max-video-preview:-1\" \/>\n<link rel=\"canonical\" href=\"https:\/\/mobilet.eu\/de\/staedte\/bruchsal\/\" \/>\n<meta property=\"og:locale\" content=\"de_DE\" \/>\n<meta property=\"og:type\" content=\"article\" \/>\n<meta property=\"og:title\" content=\"Bruchsal | mobilet.de\" \/>\n<meta property=\"og:description\" content=\"Deine gesamte Mobilit\u00e4t in einer App, die dir die Reise durch Bruchsal ganz einfach macht. Entdecke jetzt mobilet in Bruchsal.\" \/>\n<meta property=\"og:url\" content=\"https:\/\/mobilet.eu\/de\/staedte\/bruchsal\/\" \/>\n<meta property=\"og:site_name\" content=\"mobilet.de\" \/>\n<meta property=\"article:publisher\" content=\"https:\/\/www.facebook.com\/mobilet.de\" \/>\n<meta property=\"article:modified_time\" content=\"2023-09-04T14:44:01+00:00\" \/>\n<meta property=\"og:image\" content=\"https:\/\/mobilet.eu\/de\/wp-content\/uploads\/sites\/2\/2023\/08\/Bruchsal.jpg\" \/>\n\t<meta property=\"og:image:width\" content=\"1920\" \/>\n\t<meta property=\"og:image:height\" content=\"1280\" \/>\n\t<meta property=\"og:image:type\" content=\"image\/jpeg\" \/>\n<meta name=\"twitter:card\" content=\"summary_large_image\" \/>\n<meta name=\"twitter:label1\" content=\"Gesch\u00e4tzte Lesezeit\" \/>\n\t<meta name=\"twitter:data1\" content=\"2\u00a0Minuten\" \/>\n<script type=\"application\/ld+json\" class=\"yoast-schema-graph\">{\"@context\":\"https:\\\/\\\/schema.org\",\"@graph\":[{\"@type\":\"WebPage\",\"@id\":\"https:\\\/\\\/mobilet.eu\\\/de\\\/staedte\\\/bruchsal\\\/\",\"url\":\"https:\\\/\\\/mobilet.eu\\\/de\\\/staedte\\\/bruchsal\\\/\",\"name\":\"Bruchsal | mobilet.de\",\"isPartOf\":{\"@id\":\"https:\\\/\\\/mobilet.eu\\\/de\\\/#website\"},\"primaryImageOfPage\":{\"@id\":\"https:\\\/\\\/mobilet.eu\\\/de\\\/staedte\\\/bruchsal\\\/#primaryimage\"},\"image\":{\"@id\":\"https:\\\/\\\/mobilet.eu\\\/de\\\/staedte\\\/bruchsal\\\/#primaryimage\"},\"thumbnailUrl\":\"https:\\\/\\\/mobilet.eu\\\/de\\\/wp-content\\\/uploads\\\/sites\\\/2\\\/2023\\\/08\\\/Bruchsal.jpg\",\"datePublished\":\"2023-09-04T14:43:59+00:00\",\"dateModified\":\"2023-09-04T14:44:01+00:00\",\"description\":\"Deine gesamte Mobilit\u00e4t in einer App, die dir die Reise durch Bruchsal ganz einfach macht. Entdecke jetzt mobilet in Bruchsal.\",\"breadcrumb\":{\"@id\":\"https:\\\/\\\/mobilet.eu\\\/de\\\/staedte\\\/bruchsal\\\/#breadcrumb\"},\"inLanguage\":\"de\",\"potentialAction\":[{\"@type\":\"ReadAction\",\"target\":[\"https:\\\/\\\/mobilet.eu\\\/de\\\/staedte\\\/bruchsal\\\/\"]}]},{\"@type\":\"ImageObject\",\"inLanguage\":\"de\",\"@id\":\"https:\\\/\\\/mobilet.eu\\\/de\\\/staedte\\\/bruchsal\\\/#primaryimage\",\"url\":\"https:\\\/\\\/mobilet.eu\\\/de\\\/wp-content\\\/uploads\\\/sites\\\/2\\\/2023\\\/08\\\/Bruchsal.jpg\",\"contentUrl\":\"https:\\\/\\\/mobilet.eu\\\/de\\\/wp-content\\\/uploads\\\/sites\\\/2\\\/2023\\\/08\\\/Bruchsal.jpg\",\"width\":1920,\"height\":1280,\"caption\":\"Hier siehst du das Bruchsaler Schloss. Vor dem Schloss erstreckt sich der Torbogen. Die gepflegte Gartenanlage erstrahlt in einem saftigen Gr\u00fcn.\"},{\"@type\":\"BreadcrumbList\",\"@id\":\"https:\\\/\\\/mobilet.eu\\\/de\\\/staedte\\\/bruchsal\\\/#breadcrumb\",\"itemListElement\":[{\"@type\":\"ListItem\",\"position\":1,\"name\":\"Home\",\"item\":\"https:\\\/\\\/mobilet.eu\\\/de\\\/\"},{\"@type\":\"ListItem\",\"position\":2,\"name\":\"Bruchsal\"}]},{\"@type\":\"WebSite\",\"@id\":\"https:\\\/\\\/mobilet.eu\\\/de\\\/#website\",\"url\":\"https:\\\/\\\/mobilet.eu\\\/de\\\/\",\"name\":\"mobilet.de\",\"description\":\"Handyparken und mehr \u2026\",\"publisher\":{\"@id\":\"https:\\\/\\\/mobilet.eu\\\/de\\\/#organization\"},\"potentialAction\":[{\"@type\":\"SearchAction\",\"target\":{\"@type\":\"EntryPoint\",\"urlTemplate\":\"https:\\\/\\\/mobilet.eu\\\/de\\\/?s={search_term_string}\"},\"query-input\":{\"@type\":\"PropertyValueSpecification\",\"valueRequired\":true,\"valueName\":\"search_term_string\"}}],\"inLanguage\":\"de\"},{\"@type\":\"Organization\",\"@id\":\"https:\\\/\\\/mobilet.eu\\\/de\\\/#organization\",\"name\":\"stadtraum GmbH\",\"url\":\"https:\\\/\\\/mobilet.eu\\\/de\\\/\",\"logo\":{\"@type\":\"ImageObject\",\"inLanguage\":\"de\",\"@id\":\"https:\\\/\\\/mobilet.eu\\\/de\\\/#\\\/schema\\\/logo\\\/image\\\/\",\"url\":\"https:\\\/\\\/mobilet.eu\\\/de\\\/wp-content\\\/uploads\\\/sites\\\/2\\\/2022\\\/11\\\/mobilet-handyparken-01.jpg\",\"contentUrl\":\"https:\\\/\\\/mobilet.eu\\\/de\\\/wp-content\\\/uploads\\\/sites\\\/2\\\/2022\\\/11\\\/mobilet-handyparken-01.jpg\",\"width\":1920,\"height\":1280,\"caption\":\"stadtraum GmbH\"},\"image\":{\"@id\":\"https:\\\/\\\/mobilet.eu\\\/de\\\/#\\\/schema\\\/logo\\\/image\\\/\"},\"sameAs\":[\"https:\\\/\\\/www.facebook.com\\\/mobilet.de\",\"https:\\\/\\\/www.instagram.com\\\/mobilet.de\\\/\"]}]}<\/script>\n<!-- \/ Yoast SEO plugin. -->","yoast_head_json":{"title":"Bruchsal | mobilet.de","description":"Deine gesamte Mobilit\u00e4t in einer App, die dir die Reise durch Bruchsal ganz einfach macht. Entdecke jetzt mobilet in Bruchsal.","robots":{"index":"index","follow":"follow","max-snippet":"max-snippet:-1","max-image-preview":"max-image-preview:large","max-video-preview":"max-video-preview:-1"},"canonical":"https:\/\/mobilet.eu\/de\/staedte\/bruchsal\/","og_locale":"de_DE","og_type":"article","og_title":"Bruchsal | mobilet.de","og_description":"Deine gesamte Mobilit\u00e4t in einer App, die dir die Reise durch Bruchsal ganz einfach macht. Entdecke jetzt mobilet in Bruchsal.","og_url":"https:\/\/mobilet.eu\/de\/staedte\/bruchsal\/","og_site_name":"mobilet.de","article_publisher":"https:\/\/www.facebook.com\/mobilet.de","article_modified_time":"2023-09-04T14:44:01+00:00","og_image":[{"width":1920,"height":1280,"url":"https:\/\/mobilet.eu\/de\/wp-content\/uploads\/sites\/2\/2023\/08\/Bruchsal.jpg","type":"image\/jpeg"}],"twitter_card":"summary_large_image","twitter_misc":{"Gesch\u00e4tzte Lesezeit":"2\u00a0Minuten"},"schema":{"@context":"https:\/\/schema.org","@graph":[{"@type":"WebPage","@id":"https:\/\/mobilet.eu\/de\/staedte\/bruchsal\/","url":"https:\/\/mobilet.eu\/de\/staedte\/bruchsal\/","name":"Bruchsal | mobilet.de","isPartOf":{"@id":"https:\/\/mobilet.eu\/de\/#website"},"primaryImageOfPage":{"@id":"https:\/\/mobilet.eu\/de\/staedte\/bruchsal\/#primaryimage"},"image":{"@id":"https:\/\/mobilet.eu\/de\/staedte\/bruchsal\/#primaryimage"},"thumbnailUrl":"https:\/\/mobilet.eu\/de\/wp-content\/uploads\/sites\/2\/2023\/08\/Bruchsal.jpg","datePublished":"2023-09-04T14:43:59+00:00","dateModified":"2023-09-04T14:44:01+00:00","description":"Deine gesamte Mobilit\u00e4t in einer App, die dir die Reise durch Bruchsal ganz einfach macht. Entdecke jetzt mobilet in Bruchsal.","breadcrumb":{"@id":"https:\/\/mobilet.eu\/de\/staedte\/bruchsal\/#breadcrumb"},"inLanguage":"de","potentialAction":[{"@type":"ReadAction","target":["https:\/\/mobilet.eu\/de\/staedte\/bruchsal\/"]}]},{"@type":"ImageObject","inLanguage":"de","@id":"https:\/\/mobilet.eu\/de\/staedte\/bruchsal\/#primaryimage","url":"https:\/\/mobilet.eu\/de\/wp-content\/uploads\/sites\/2\/2023\/08\/Bruchsal.jpg","contentUrl":"https:\/\/mobilet.eu\/de\/wp-content\/uploads\/sites\/2\/2023\/08\/Bruchsal.jpg","width":1920,"height":1280,"caption":"Hier siehst du das Bruchsaler Schloss. Vor dem Schloss erstreckt sich der Torbogen. Die gepflegte Gartenanlage erstrahlt in einem saftigen Gr\u00fcn."},{"@type":"BreadcrumbList","@id":"https:\/\/mobilet.eu\/de\/staedte\/bruchsal\/#breadcrumb","itemListElement":[{"@type":"ListItem","position":1,"name":"Home","item":"https:\/\/mobilet.eu\/de\/"},{"@type":"ListItem","position":2,"name":"Bruchsal"}]},{"@type":"WebSite","@id":"https:\/\/mobilet.eu\/de\/#website","url":"https:\/\/mobilet.eu\/de\/","name":"mobilet.de","description":"Handyparken und mehr \u2026","publisher":{"@id":"https:\/\/mobilet.eu\/de\/#organization"},"potentialAction":[{"@type":"SearchAction","target":{"@type":"EntryPoint","urlTemplate":"https:\/\/mobilet.eu\/de\/?s={search_term_string}"},"query-input":{"@type":"PropertyValueSpecification","valueRequired":true,"valueName":"search_term_string"}}],"inLanguage":"de"},{"@type":"Organization","@id":"https:\/\/mobilet.eu\/de\/#organization","name":"stadtraum GmbH","url":"https:\/\/mobilet.eu\/de\/","logo":{"@type":"ImageObject","inLanguage":"de","@id":"https:\/\/mobilet.eu\/de\/#\/schema\/logo\/image\/","url":"https:\/\/mobilet.eu\/de\/wp-content\/uploads\/sites\/2\/2022\/11\/mobilet-handyparken-01.jpg","contentUrl":"https:\/\/mobilet.eu\/de\/wp-content\/uploads\/sites\/2\/2022\/11\/mobilet-handyparken-01.jpg","width":1920,"height":1280,"caption":"stadtraum GmbH"},"image":{"@id":"https:\/\/mobilet.eu\/de\/#\/schema\/logo\/image\/"},"sameAs":["https:\/\/www.facebook.com\/mobilet.de","https:\/\/www.instagram.com\/mobilet.de\/"]}]}},"_links":{"self":[{"href":"https:\/\/mobilet.eu\/de\/wp-json\/wp\/v2\/staedte\/10438","targetHints":{"allow":["GET"]}}],"collection":[{"href":"https:\/\/mobilet.eu\/de\/wp-json\/wp\/v2\/staedte"}],"about":[{"href":"https:\/\/mobilet.eu\/de\/wp-json\/wp\/v2\/types\/staedte"}],"author":[{"embeddable":true,"href":"https:\/\/mobilet.eu\/de\/wp-json\/wp\/v2\/users\/20"}],"version-history":[{"count":3,"href":"https:\/\/mobilet.eu\/de\/wp-json\/wp\/v2\/staedte\/10438\/revisions"}],"predecessor-version":[{"id":10527,"href":"https:\/\/mobilet.eu\/de\/wp-json\/wp\/v2\/staedte\/10438\/revisions\/10527"}],"wp:featuredmedia":[{"embeddable":true,"href":"https:\/\/mobilet.eu\/de\/wp-json\/wp\/v2\/media\/10439"}],"wp:attachment":[{"href":"https:\/\/mobilet.eu\/de\/wp-json\/wp\/v2\/media?parent=10438"}],"wp:term":[{"taxonomy":"modules","embeddable":true,"href":"https:\/\/mobilet.eu\/de\/wp-json\/wp\/v2\/modules?post=10438"}],"curies":[{"name":"wp","href":"https:\/\/api.w.org\/{rel}","templated":true}]}}

<p class="wp-block-paragraph">Jetzt <a href="https://mobilet.eu/de/">mobilet </a>in Bruchsal nutzen!</p>



<p class="wp-block-paragraph">Bruchsal liegt im Bundesland Baden-Württemberg nähe Karlsruhe. Hier gibt es den größten Spargelmarkt Europas und eine weite Auswahl an regionalem Wein als ideale Ergänzung. Die Stadt dient zudem als Mittelzentrum für die umliegenden Gemeinden.</p>



<p class="wp-block-paragraph">Das Barockschloss ist bekannt für das Treppenhaus des Baumeisters Balthasar Neumann und den Schlossgarten. Die prunkvollen Festsäle entstanden alle im Stil des Barock und des Rokoko und ihre Deckenbemalungen erzählen Geschichten Vergangenheit, Gegenwart und Zukunft. Hier im Schloss befinden sich zudem das Städtische Museum und das Deutsche Musikautomaten-Museum, sowie Räumlichkeiten für private und öffentliche Veranstaltungen.</p>



<p class="wp-block-paragraph">Eine weitere Sehenswürdigkeit ist das Belvedere am Stadtgarten. Es besteht aus zwei Türmen und einer Aussichtsplattform, alles im chinesischen Stil. Der Bergfried ist das älteste Bauwerk Bruchsals und dient heute ebenfalls als Aussichtsplattform. Von hier haben Besucher:innen einen weiten Blick über die umliegende Landschaft.</p>



<p class="wp-block-paragraph">Die Kunst spielt eine besonders große Rolle. Jährlich gibt es eine Hobby und Kunst Ausstellung und die vielen Museen behandeln die unterschiedlichsten Themen.</p>



<p class="wp-block-paragraph">Aber auch um Bruchsal herum gibt es einiges zu entdecken. Die Wein-Wald-Region Kraichgau-Stromberg liegt zwischen den Flüssen Rhein und Neckar. Die Region Oberrhein ist bekannt dafür, dass sie sich über drei verschiedene Länder erstreckt: Frankreich, Deutschland und Schweiz.</p>



<p class="wp-block-paragraph">Entdecke nun mobilet in Bruchsal, denn parken war hier nie einfacher!</p>



<p class="wp-block-paragraph">Mehr über Bruchsal erfährst du <a href="https://www.bruchsal.de/startseite">hier</a>.</p>

<p>Jetzt mobilet in Bruchsal nutzen! Bruchsal liegt im Bundesland Baden-Württemberg nähe Karlsruhe. Hier gibt es den größten Spargelmarkt Europas und &#8230; <a href="https://mobilet.eu/de/staedte/bruchsal/" aria-label="Weiterlesen über Bruchsal">Weiterlesen über Bruchsal</a></p>

<!-- This site is optimized with the Yoast SEO plugin v27.4 - https://yoast.com/product/yoast-seo-wordpress/ -->
<title>Bruchsal | mobilet.de</title>
<meta name="description" content="Deine gesamte Mobilität in einer App, die dir die Reise durch Bruchsal ganz einfach macht. Entdecke jetzt mobilet in Bruchsal." />
<meta name="robots" content="index, follow, max-snippet:-1, max-image-preview:large, max-video-preview:-1" />
<link rel="canonical" href="https://mobilet.eu/de/staedte/bruchsal/" />
<meta property="og:locale" content="de_DE" />
<meta property="og:type" content="article" />
<meta property="og:title" content="Bruchsal | mobilet.de" />
<meta property="og:description" content="Deine gesamte Mobilität in einer App, die dir die Reise durch Bruchsal ganz einfach macht. Entdecke jetzt mobilet in Bruchsal." />
<meta property="og:url" content="https://mobilet.eu/de/staedte/bruchsal/" />
<meta property="og:site_name" content="mobilet.de" />
<meta property="article:publisher" content="https://www.facebook.com/mobilet.de" />
<meta property="article:modified_time" content="2023-09-04T14:44:01+00:00" />
<meta property="og:image" content="https://mobilet.eu/de/wp-content/uploads/sites/2/2023/08/Bruchsal.jpg" />
	<meta property="og:image:width" content="1920" />
	<meta property="og:image:height" content="1280" />
	<meta property="og:image:type" content="image/jpeg" />
<meta name="twitter:card" content="summary_large_image" />
<meta name="twitter:label1" content="Geschätzte Lesezeit" />
	<meta name="twitter:data1" content="2 Minuten" />
<script type="application/ld+json" class="yoast-schema-graph">{"@context":"https:\/\/schema.org","@graph":[{"@type":"WebPage","@id":"https:\/\/mobilet.eu\/de\/staedte\/bruchsal\/","url":"https:\/\/mobilet.eu\/de\/staedte\/bruchsal\/","name":"Bruchsal | mobilet.de","isPartOf":{"@id":"https:\/\/mobilet.eu\/de\/#website"},"primaryImageOfPage":{"@id":"https:\/\/mobilet.eu\/de\/staedte\/bruchsal\/#primaryimage"},"image":{"@id":"https:\/\/mobilet.eu\/de\/staedte\/bruchsal\/#primaryimage"},"thumbnailUrl":"https:\/\/mobilet.eu\/de\/wp-content\/uploads\/sites\/2\/2023\/08\/Bruchsal.jpg","datePublished":"2023-09-04T14:43:59+00:00","dateModified":"2023-09-04T14:44:01+00:00","description":"Deine gesamte Mobilität in einer App, die dir die Reise durch Bruchsal ganz einfach macht. Entdecke jetzt mobilet in Bruchsal.","breadcrumb":{"@id":"https:\/\/mobilet.eu\/de\/staedte\/bruchsal\/#breadcrumb"},"inLanguage":"de","potentialAction":[{"@type":"ReadAction","target":["https:\/\/mobilet.eu\/de\/staedte\/bruchsal\/"]}]},{"@type":"ImageObject","inLanguage":"de","@id":"https:\/\/mobilet.eu\/de\/staedte\/bruchsal\/#primaryimage","url":"https:\/\/mobilet.eu\/de\/wp-content\/uploads\/sites\/2\/2023\/08\/Bruchsal.jpg","contentUrl":"https:\/\/mobilet.eu\/de\/wp-content\/uploads\/sites\/2\/2023\/08\/Bruchsal.jpg","width":1920,"height":1280,"caption":"Hier siehst du das Bruchsaler Schloss. Vor dem Schloss erstreckt sich der Torbogen. Die gepflegte Gartenanlage erstrahlt in einem saftigen Grün."},{"@type":"BreadcrumbList","@id":"https:\/\/mobilet.eu\/de\/staedte\/bruchsal\/#breadcrumb","itemListElement":[{"@type":"ListItem","position":1,"name":"Home","item":"https:\/\/mobilet.eu\/de\/"},{"@type":"ListItem","position":2,"name":"Bruchsal"}]},{"@type":"WebSite","@id":"https:\/\/mobilet.eu\/de\/#website","url":"https:\/\/mobilet.eu\/de\/","name":"mobilet.de","description":"Handyparken und mehr …","publisher":{"@id":"https:\/\/mobilet.eu\/de\/#organization"},"potentialAction":[{"@type":"SearchAction","target":{"@type":"EntryPoint","urlTemplate":"https:\/\/mobilet.eu\/de\/?s={search_term_string}"},"query-input":{"@type":"PropertyValueSpecification","valueRequired":true,"valueName":"search_term_string"}}],"inLanguage":"de"},{"@type":"Organization","@id":"https:\/\/mobilet.eu\/de\/#organization","name":"stadtraum GmbH","url":"https:\/\/mobilet.eu\/de\/","logo":{"@type":"ImageObject","inLanguage":"de","@id":"https:\/\/mobilet.eu\/de\/#\/schema\/logo\/image\/","url":"https:\/\/mobilet.eu\/de\/wp-content\/uploads\/sites\/2\/2022\/11\/mobilet-handyparken-01.jpg","contentUrl":"https:\/\/mobilet.eu\/de\/wp-content\/uploads\/sites\/2\/2022\/11\/mobilet-handyparken-01.jpg","width":1920,"height":1280,"caption":"stadtraum GmbH"},"image":{"@id":"https:\/\/mobilet.eu\/de\/#\/schema\/logo\/image\/"},"sameAs":["https:\/\/www.facebook.com\/mobilet.de","https:\/\/www.instagram.com\/mobilet.de\/"]}]}</script>
<!-- / Yoast SEO plugin. -->

Deine gesamte Mobilität in einer App, die dir die Reise durch Bruchsal ganz einfach macht. Entdecke jetzt mobilet in Bruchsal.

Hier siehst du das Bruchsaler Schloss. Vor dem Schloss erstreckt sich der Torbogen. Die gepflegte Gartenanlage erstrahlt in einem saftigen Grün.
