{"id":9041,"date":"2023-04-19T14:16:53","date_gmt":"2023-04-19T12:16:53","guid":{"rendered":"https:\/\/mobilet.eu\/de\/?post_type=cities&#038;p=9041"},"modified":"2023-12-08T16:14:56","modified_gmt":"2023-12-08T15:14:56","slug":"kallmuenz","status":"publish","type":"staedte","link":"https:\/\/mobilet.eu\/de\/staedte\/kallmuenz\/","title":{"rendered":"Kallm\u00fcnz"},"content":{"rendered":"\n<p class=\"wp-block-paragraph\">Jetzt mobilet in Kallm\u00fcnz entdecken!<\/p>\n\n\n\n<p class=\"wp-block-paragraph\">Kallm\u00fcnz ist ein Markt im Landeskreis Regensburg und ein romantsiches Ausflugsziel umgeben von Berglandschaften und Natur.<\/p>\n\n\n\n<p class=\"wp-block-paragraph\">Hier treffen die Naab und die Vils aufeinander. Besonders beeindruckend ist der Feldvorsprung des Schlossberges. Hier steht die Ruine der Burg Kallm\u00fcnz Die Burg kannst du \u00fcber mehrere Wege zu Fu\u00df erreichen. Den Eingang erkennst du andem gro\u00dfen Bogen des Torgeb\u00e4udes.<\/p>\n\n\n\n<p class=\"wp-block-paragraph\">Kunst spielt in Kallm\u00fcnz eine gro\u00dfe Rolle. Bereits Kandinsky und M\u00fcnter zog es in die Stadt. Wie w\u00e4re es also mit einem Kunstkurs? Hier gibt es eine Vielzahl an Angeboten f\u00fcr Gro\u00df und Klein. In den Ausstellungen der Stadt lassen sich zudem historische und aktuelle Kunstwerke betrachten.<\/p>\n\n\n\n<p class=\"wp-block-paragraph\">mobilet ersetzt in Kallm\u00fcnz den klassischen Parkschein vom Automaten durch ein&nbsp;<strong>digitales Parkticket<\/strong>. Lade dir dazu die mobilet App kostenlos im&nbsp;<a href=\"http:\/\/get.mobilet.eu\/de\/\">App Store \/ Play Store<\/a>&nbsp;herunter. Nach der erfolgreichen Registrierung kannst du danach deine&nbsp;Kreditkarte&nbsp;in deinem Wallet hinterlegen. Von dieser wird jeder Parkschein beim Kauf abgebucht. Alternativ kannst du auch dein&nbsp;Prepaid Konto&nbsp;\u00fcber den Men\u00fcpunkt \u201eKonto aufladen\u201c mit allen g\u00e4ngigen Zahlungsmethoden aufladen.<\/p>\n\n\n\n<p class=\"wp-block-paragraph\">mobilet ist\u00a0deutschlandweit verf\u00fcgbar\u00a0und Teil unserer\u00a0<strong>Mobilit\u00e4tsplattform<\/strong>\u00a0mit\u00a0<a href=\"https:\/\/mobilet.eu\/de\/modules\/\">weiteren Modulen<\/a>. Eine Standortliste findest du\u00a0<a href=\"https:\/\/mobilet.eu\/de\/staedte\/\">hier<\/a>.<\/p>\n\n\n\n<p class=\"wp-block-paragraph\">Mehr \u00fcber Kallm\u00fcnz und was du hier erleben kannst, erf\u00e4hrst du <a href=\"https:\/\/www.kallmuenz.de\/\" target=\"_blank\" rel=\"noreferrer noopener\">hier<\/a>.<\/p>\n","protected":false},"excerpt":{"rendered":"<p>Jetzt mobilet in Kallm\u00fcnz entdecken! Kallm\u00fcnz ist ein Markt im Landeskreis Regensburg und ein romantsiches Ausflugsziel umgeben von Berglandschaften und &#8230; <a href=\"https:\/\/mobilet.eu\/de\/staedte\/kallmuenz\/\" aria-label=\"Weiterlesen \u00fcber Kallm\u00fcnz\">Weiterlesen \u00fcber Kallm\u00fcnz<\/a><\/p>\n","protected":false},"author":20,"featured_media":9056,"template":"","meta":{"_crdt_document":"","content-type":"","footnotes":""},"modules":[],"class_list":["post-9041","staedte","type-staedte","status-publish","has-post-thumbnail","hentry"],"yoast_head":"<!-- This site is optimized with the Yoast SEO plugin v27.4 - https:\/\/yoast.com\/product\/yoast-seo-wordpress\/ -->\n<title>Kallm\u00fcnz | mobilet.de<\/title>\n<meta name=\"description\" content=\"Mit mobilet mobil und digital. Deine gesamte Mobilit\u00e4t in einer App - mobilet. Jetzt mobilet in kallm\u00fcnz entdecken!\" \/>\n<meta name=\"robots\" content=\"index, follow, max-snippet:-1, max-image-preview:large, max-video-preview:-1\" \/>\n<link rel=\"canonical\" href=\"https:\/\/mobilet.eu\/de\/staedte\/kallmuenz\/\" \/>\n<meta property=\"og:locale\" content=\"de_DE\" \/>\n<meta property=\"og:type\" content=\"article\" \/>\n<meta property=\"og:title\" content=\"Kallm\u00fcnz | mobilet.de\" \/>\n<meta property=\"og:description\" content=\"Mit mobilet mobil und digital. Deine gesamte Mobilit\u00e4t in einer App - mobilet. Jetzt mobilet in kallm\u00fcnz entdecken!\" \/>\n<meta property=\"og:url\" content=\"https:\/\/mobilet.eu\/de\/staedte\/kallmuenz\/\" \/>\n<meta property=\"og:site_name\" content=\"mobilet.de\" \/>\n<meta property=\"article:publisher\" content=\"https:\/\/www.facebook.com\/mobilet.de\" \/>\n<meta property=\"article:modified_time\" content=\"2023-12-08T15:14:56+00:00\" \/>\n<meta property=\"og:image\" content=\"https:\/\/mobilet.eu\/de\/wp-content\/uploads\/sites\/2\/2023\/04\/Kallmuenz-scaled.jpeg\" \/>\n\t<meta property=\"og:image:width\" content=\"2560\" \/>\n\t<meta property=\"og:image:height\" content=\"1707\" \/>\n\t<meta property=\"og:image:type\" content=\"image\/jpeg\" \/>\n<meta name=\"twitter:card\" content=\"summary_large_image\" \/>\n<meta name=\"twitter:label1\" content=\"Gesch\u00e4tzte Lesezeit\" \/>\n\t<meta name=\"twitter:data1\" content=\"2\u00a0Minuten\" \/>\n<script type=\"application\/ld+json\" class=\"yoast-schema-graph\">{\"@context\":\"https:\\\/\\\/schema.org\",\"@graph\":[{\"@type\":\"WebPage\",\"@id\":\"https:\\\/\\\/mobilet.eu\\\/de\\\/staedte\\\/kallmuenz\\\/\",\"url\":\"https:\\\/\\\/mobilet.eu\\\/de\\\/staedte\\\/kallmuenz\\\/\",\"name\":\"Kallm\u00fcnz | mobilet.de\",\"isPartOf\":{\"@id\":\"https:\\\/\\\/mobilet.eu\\\/de\\\/#website\"},\"primaryImageOfPage\":{\"@id\":\"https:\\\/\\\/mobilet.eu\\\/de\\\/staedte\\\/kallmuenz\\\/#primaryimage\"},\"image\":{\"@id\":\"https:\\\/\\\/mobilet.eu\\\/de\\\/staedte\\\/kallmuenz\\\/#primaryimage\"},\"thumbnailUrl\":\"https:\\\/\\\/mobilet.eu\\\/de\\\/wp-content\\\/uploads\\\/sites\\\/2\\\/2023\\\/04\\\/Kallmuenz-scaled.jpeg\",\"datePublished\":\"2023-04-19T12:16:53+00:00\",\"dateModified\":\"2023-12-08T15:14:56+00:00\",\"description\":\"Mit mobilet mobil und digital. Deine gesamte Mobilit\u00e4t in einer App - mobilet. Jetzt mobilet in kallm\u00fcnz entdecken!\",\"breadcrumb\":{\"@id\":\"https:\\\/\\\/mobilet.eu\\\/de\\\/staedte\\\/kallmuenz\\\/#breadcrumb\"},\"inLanguage\":\"de\",\"potentialAction\":[{\"@type\":\"ReadAction\",\"target\":[\"https:\\\/\\\/mobilet.eu\\\/de\\\/staedte\\\/kallmuenz\\\/\"]}]},{\"@type\":\"ImageObject\",\"inLanguage\":\"de\",\"@id\":\"https:\\\/\\\/mobilet.eu\\\/de\\\/staedte\\\/kallmuenz\\\/#primaryimage\",\"url\":\"https:\\\/\\\/mobilet.eu\\\/de\\\/wp-content\\\/uploads\\\/sites\\\/2\\\/2023\\\/04\\\/Kallmuenz-scaled.jpeg\",\"contentUrl\":\"https:\\\/\\\/mobilet.eu\\\/de\\\/wp-content\\\/uploads\\\/sites\\\/2\\\/2023\\\/04\\\/Kallmuenz-scaled.jpeg\",\"width\":2560,\"height\":1707},{\"@type\":\"BreadcrumbList\",\"@id\":\"https:\\\/\\\/mobilet.eu\\\/de\\\/staedte\\\/kallmuenz\\\/#breadcrumb\",\"itemListElement\":[{\"@type\":\"ListItem\",\"position\":1,\"name\":\"Home\",\"item\":\"https:\\\/\\\/mobilet.eu\\\/de\\\/\"},{\"@type\":\"ListItem\",\"position\":2,\"name\":\"Kallm\u00fcnz\"}]},{\"@type\":\"WebSite\",\"@id\":\"https:\\\/\\\/mobilet.eu\\\/de\\\/#website\",\"url\":\"https:\\\/\\\/mobilet.eu\\\/de\\\/\",\"name\":\"mobilet.de\",\"description\":\"Handyparken und mehr \u2026\",\"publisher\":{\"@id\":\"https:\\\/\\\/mobilet.eu\\\/de\\\/#organization\"},\"potentialAction\":[{\"@type\":\"SearchAction\",\"target\":{\"@type\":\"EntryPoint\",\"urlTemplate\":\"https:\\\/\\\/mobilet.eu\\\/de\\\/?s={search_term_string}\"},\"query-input\":{\"@type\":\"PropertyValueSpecification\",\"valueRequired\":true,\"valueName\":\"search_term_string\"}}],\"inLanguage\":\"de\"},{\"@type\":\"Organization\",\"@id\":\"https:\\\/\\\/mobilet.eu\\\/de\\\/#organization\",\"name\":\"stadtraum GmbH\",\"url\":\"https:\\\/\\\/mobilet.eu\\\/de\\\/\",\"logo\":{\"@type\":\"ImageObject\",\"inLanguage\":\"de\",\"@id\":\"https:\\\/\\\/mobilet.eu\\\/de\\\/#\\\/schema\\\/logo\\\/image\\\/\",\"url\":\"https:\\\/\\\/mobilet.eu\\\/de\\\/wp-content\\\/uploads\\\/sites\\\/2\\\/2022\\\/11\\\/mobilet-handyparken-01.jpg\",\"contentUrl\":\"https:\\\/\\\/mobilet.eu\\\/de\\\/wp-content\\\/uploads\\\/sites\\\/2\\\/2022\\\/11\\\/mobilet-handyparken-01.jpg\",\"width\":1920,\"height\":1280,\"caption\":\"stadtraum GmbH\"},\"image\":{\"@id\":\"https:\\\/\\\/mobilet.eu\\\/de\\\/#\\\/schema\\\/logo\\\/image\\\/\"},\"sameAs\":[\"https:\\\/\\\/www.facebook.com\\\/mobilet.de\",\"https:\\\/\\\/www.instagram.com\\\/mobilet.de\\\/\"]}]}<\/script>\n<!-- \/ Yoast SEO plugin. -->","yoast_head_json":{"title":"Kallm\u00fcnz | mobilet.de","description":"Mit mobilet mobil und digital. Deine gesamte Mobilit\u00e4t in einer App - mobilet. Jetzt mobilet in kallm\u00fcnz entdecken!","robots":{"index":"index","follow":"follow","max-snippet":"max-snippet:-1","max-image-preview":"max-image-preview:large","max-video-preview":"max-video-preview:-1"},"canonical":"https:\/\/mobilet.eu\/de\/staedte\/kallmuenz\/","og_locale":"de_DE","og_type":"article","og_title":"Kallm\u00fcnz | mobilet.de","og_description":"Mit mobilet mobil und digital. Deine gesamte Mobilit\u00e4t in einer App - mobilet. Jetzt mobilet in kallm\u00fcnz entdecken!","og_url":"https:\/\/mobilet.eu\/de\/staedte\/kallmuenz\/","og_site_name":"mobilet.de","article_publisher":"https:\/\/www.facebook.com\/mobilet.de","article_modified_time":"2023-12-08T15:14:56+00:00","og_image":[{"width":2560,"height":1707,"url":"https:\/\/mobilet.eu\/de\/wp-content\/uploads\/sites\/2\/2023\/04\/Kallmuenz-scaled.jpeg","type":"image\/jpeg"}],"twitter_card":"summary_large_image","twitter_misc":{"Gesch\u00e4tzte Lesezeit":"2\u00a0Minuten"},"schema":{"@context":"https:\/\/schema.org","@graph":[{"@type":"WebPage","@id":"https:\/\/mobilet.eu\/de\/staedte\/kallmuenz\/","url":"https:\/\/mobilet.eu\/de\/staedte\/kallmuenz\/","name":"Kallm\u00fcnz | mobilet.de","isPartOf":{"@id":"https:\/\/mobilet.eu\/de\/#website"},"primaryImageOfPage":{"@id":"https:\/\/mobilet.eu\/de\/staedte\/kallmuenz\/#primaryimage"},"image":{"@id":"https:\/\/mobilet.eu\/de\/staedte\/kallmuenz\/#primaryimage"},"thumbnailUrl":"https:\/\/mobilet.eu\/de\/wp-content\/uploads\/sites\/2\/2023\/04\/Kallmuenz-scaled.jpeg","datePublished":"2023-04-19T12:16:53+00:00","dateModified":"2023-12-08T15:14:56+00:00","description":"Mit mobilet mobil und digital. Deine gesamte Mobilit\u00e4t in einer App - mobilet. Jetzt mobilet in kallm\u00fcnz entdecken!","breadcrumb":{"@id":"https:\/\/mobilet.eu\/de\/staedte\/kallmuenz\/#breadcrumb"},"inLanguage":"de","potentialAction":[{"@type":"ReadAction","target":["https:\/\/mobilet.eu\/de\/staedte\/kallmuenz\/"]}]},{"@type":"ImageObject","inLanguage":"de","@id":"https:\/\/mobilet.eu\/de\/staedte\/kallmuenz\/#primaryimage","url":"https:\/\/mobilet.eu\/de\/wp-content\/uploads\/sites\/2\/2023\/04\/Kallmuenz-scaled.jpeg","contentUrl":"https:\/\/mobilet.eu\/de\/wp-content\/uploads\/sites\/2\/2023\/04\/Kallmuenz-scaled.jpeg","width":2560,"height":1707},{"@type":"BreadcrumbList","@id":"https:\/\/mobilet.eu\/de\/staedte\/kallmuenz\/#breadcrumb","itemListElement":[{"@type":"ListItem","position":1,"name":"Home","item":"https:\/\/mobilet.eu\/de\/"},{"@type":"ListItem","position":2,"name":"Kallm\u00fcnz"}]},{"@type":"WebSite","@id":"https:\/\/mobilet.eu\/de\/#website","url":"https:\/\/mobilet.eu\/de\/","name":"mobilet.de","description":"Handyparken und mehr \u2026","publisher":{"@id":"https:\/\/mobilet.eu\/de\/#organization"},"potentialAction":[{"@type":"SearchAction","target":{"@type":"EntryPoint","urlTemplate":"https:\/\/mobilet.eu\/de\/?s={search_term_string}"},"query-input":{"@type":"PropertyValueSpecification","valueRequired":true,"valueName":"search_term_string"}}],"inLanguage":"de"},{"@type":"Organization","@id":"https:\/\/mobilet.eu\/de\/#organization","name":"stadtraum GmbH","url":"https:\/\/mobilet.eu\/de\/","logo":{"@type":"ImageObject","inLanguage":"de","@id":"https:\/\/mobilet.eu\/de\/#\/schema\/logo\/image\/","url":"https:\/\/mobilet.eu\/de\/wp-content\/uploads\/sites\/2\/2022\/11\/mobilet-handyparken-01.jpg","contentUrl":"https:\/\/mobilet.eu\/de\/wp-content\/uploads\/sites\/2\/2022\/11\/mobilet-handyparken-01.jpg","width":1920,"height":1280,"caption":"stadtraum GmbH"},"image":{"@id":"https:\/\/mobilet.eu\/de\/#\/schema\/logo\/image\/"},"sameAs":["https:\/\/www.facebook.com\/mobilet.de","https:\/\/www.instagram.com\/mobilet.de\/"]}]}},"_links":{"self":[{"href":"https:\/\/mobilet.eu\/de\/wp-json\/wp\/v2\/staedte\/9041","targetHints":{"allow":["GET"]}}],"collection":[{"href":"https:\/\/mobilet.eu\/de\/wp-json\/wp\/v2\/staedte"}],"about":[{"href":"https:\/\/mobilet.eu\/de\/wp-json\/wp\/v2\/types\/staedte"}],"author":[{"embeddable":true,"href":"https:\/\/mobilet.eu\/de\/wp-json\/wp\/v2\/users\/20"}],"version-history":[{"count":4,"href":"https:\/\/mobilet.eu\/de\/wp-json\/wp\/v2\/staedte\/9041\/revisions"}],"predecessor-version":[{"id":11830,"href":"https:\/\/mobilet.eu\/de\/wp-json\/wp\/v2\/staedte\/9041\/revisions\/11830"}],"wp:featuredmedia":[{"embeddable":true,"href":"https:\/\/mobilet.eu\/de\/wp-json\/wp\/v2\/media\/9056"}],"wp:attachment":[{"href":"https:\/\/mobilet.eu\/de\/wp-json\/wp\/v2\/media?parent=9041"}],"wp:term":[{"taxonomy":"modules","embeddable":true,"href":"https:\/\/mobilet.eu\/de\/wp-json\/wp\/v2\/modules?post=9041"}],"curies":[{"name":"wp","href":"https:\/\/api.w.org\/{rel}","templated":true}]}}

Kallmünz

<p class="wp-block-paragraph">Jetzt mobilet in Kallmünz entdecken!</p>



<p class="wp-block-paragraph">Kallmünz ist ein Markt im Landeskreis Regensburg und ein romantsiches Ausflugsziel umgeben von Berglandschaften und Natur.</p>



<p class="wp-block-paragraph">Hier treffen die Naab und die Vils aufeinander. Besonders beeindruckend ist der Feldvorsprung des Schlossberges. Hier steht die Ruine der Burg Kallmünz Die Burg kannst du über mehrere Wege zu Fuß erreichen. Den Eingang erkennst du andem großen Bogen des Torgebäudes.</p>



<p class="wp-block-paragraph">Kunst spielt in Kallmünz eine große Rolle. Bereits Kandinsky und Münter zog es in die Stadt. Wie wäre es also mit einem Kunstkurs? Hier gibt es eine Vielzahl an Angeboten für Groß und Klein. In den Ausstellungen der Stadt lassen sich zudem historische und aktuelle Kunstwerke betrachten.</p>



<p class="wp-block-paragraph">mobilet ersetzt in Kallmünz den klassischen Parkschein vom Automaten durch ein&nbsp;<strong>digitales Parkticket</strong>. Lade dir dazu die mobilet App kostenlos im&nbsp;<a href="http://get.mobilet.eu/de/">App Store / Play Store</a>&nbsp;herunter. Nach der erfolgreichen Registrierung kannst du danach deine&nbsp;Kreditkarte&nbsp;in deinem Wallet hinterlegen. Von dieser wird jeder Parkschein beim Kauf abgebucht. Alternativ kannst du auch dein&nbsp;Prepaid Konto&nbsp;über den Menüpunkt „Konto aufladen“ mit allen gängigen Zahlungsmethoden aufladen.</p>



<p class="wp-block-paragraph">mobilet ist deutschlandweit verfügbar und Teil unserer <strong>Mobilitätsplattform</strong> mit <a href="https://mobilet.eu/de/modules/">weiteren Modulen</a>. Eine Standortliste findest du <a href="https://mobilet.eu/de/staedte/">hier</a>.</p>



<p class="wp-block-paragraph">Mehr über Kallmünz und was du hier erleben kannst, erfährst du <a href="https://www.kallmuenz.de/" target="_blank" rel="noreferrer noopener">hier</a>.</p>

<p>Jetzt mobilet in Kallmünz entdecken! Kallmünz ist ein Markt im Landeskreis Regensburg und ein romantsiches Ausflugsziel umgeben von Berglandschaften und &#8230; <a href="https://mobilet.eu/de/staedte/kallmuenz/" aria-label="Weiterlesen über Kallmünz">Weiterlesen über Kallmünz</a></p>

<!-- This site is optimized with the Yoast SEO plugin v27.4 - https://yoast.com/product/yoast-seo-wordpress/ -->
<title>Kallmünz | mobilet.de</title>
<meta name="description" content="Mit mobilet mobil und digital. Deine gesamte Mobilität in einer App - mobilet. Jetzt mobilet in kallmünz entdecken!" />
<meta name="robots" content="index, follow, max-snippet:-1, max-image-preview:large, max-video-preview:-1" />
<link rel="canonical" href="https://mobilet.eu/de/staedte/kallmuenz/" />
<meta property="og:locale" content="de_DE" />
<meta property="og:type" content="article" />
<meta property="og:title" content="Kallmünz | mobilet.de" />
<meta property="og:description" content="Mit mobilet mobil und digital. Deine gesamte Mobilität in einer App - mobilet. Jetzt mobilet in kallmünz entdecken!" />
<meta property="og:url" content="https://mobilet.eu/de/staedte/kallmuenz/" />
<meta property="og:site_name" content="mobilet.de" />
<meta property="article:publisher" content="https://www.facebook.com/mobilet.de" />
<meta property="article:modified_time" content="2023-12-08T15:14:56+00:00" />
<meta property="og:image" content="https://mobilet.eu/de/wp-content/uploads/sites/2/2023/04/Kallmuenz-scaled.jpeg" />
	<meta property="og:image:width" content="2560" />
	<meta property="og:image:height" content="1707" />
	<meta property="og:image:type" content="image/jpeg" />
<meta name="twitter:card" content="summary_large_image" />
<meta name="twitter:label1" content="Geschätzte Lesezeit" />
	<meta name="twitter:data1" content="2 Minuten" />
<script type="application/ld+json" class="yoast-schema-graph">{"@context":"https:\/\/schema.org","@graph":[{"@type":"WebPage","@id":"https:\/\/mobilet.eu\/de\/staedte\/kallmuenz\/","url":"https:\/\/mobilet.eu\/de\/staedte\/kallmuenz\/","name":"Kallmünz | mobilet.de","isPartOf":{"@id":"https:\/\/mobilet.eu\/de\/#website"},"primaryImageOfPage":{"@id":"https:\/\/mobilet.eu\/de\/staedte\/kallmuenz\/#primaryimage"},"image":{"@id":"https:\/\/mobilet.eu\/de\/staedte\/kallmuenz\/#primaryimage"},"thumbnailUrl":"https:\/\/mobilet.eu\/de\/wp-content\/uploads\/sites\/2\/2023\/04\/Kallmuenz-scaled.jpeg","datePublished":"2023-04-19T12:16:53+00:00","dateModified":"2023-12-08T15:14:56+00:00","description":"Mit mobilet mobil und digital. Deine gesamte Mobilität in einer App - mobilet. Jetzt mobilet in kallmünz entdecken!","breadcrumb":{"@id":"https:\/\/mobilet.eu\/de\/staedte\/kallmuenz\/#breadcrumb"},"inLanguage":"de","potentialAction":[{"@type":"ReadAction","target":["https:\/\/mobilet.eu\/de\/staedte\/kallmuenz\/"]}]},{"@type":"ImageObject","inLanguage":"de","@id":"https:\/\/mobilet.eu\/de\/staedte\/kallmuenz\/#primaryimage","url":"https:\/\/mobilet.eu\/de\/wp-content\/uploads\/sites\/2\/2023\/04\/Kallmuenz-scaled.jpeg","contentUrl":"https:\/\/mobilet.eu\/de\/wp-content\/uploads\/sites\/2\/2023\/04\/Kallmuenz-scaled.jpeg","width":2560,"height":1707},{"@type":"BreadcrumbList","@id":"https:\/\/mobilet.eu\/de\/staedte\/kallmuenz\/#breadcrumb","itemListElement":[{"@type":"ListItem","position":1,"name":"Home","item":"https:\/\/mobilet.eu\/de\/"},{"@type":"ListItem","position":2,"name":"Kallmünz"}]},{"@type":"WebSite","@id":"https:\/\/mobilet.eu\/de\/#website","url":"https:\/\/mobilet.eu\/de\/","name":"mobilet.de","description":"Handyparken und mehr …","publisher":{"@id":"https:\/\/mobilet.eu\/de\/#organization"},"potentialAction":[{"@type":"SearchAction","target":{"@type":"EntryPoint","urlTemplate":"https:\/\/mobilet.eu\/de\/?s={search_term_string}"},"query-input":{"@type":"PropertyValueSpecification","valueRequired":true,"valueName":"search_term_string"}}],"inLanguage":"de"},{"@type":"Organization","@id":"https:\/\/mobilet.eu\/de\/#organization","name":"stadtraum GmbH","url":"https:\/\/mobilet.eu\/de\/","logo":{"@type":"ImageObject","inLanguage":"de","@id":"https:\/\/mobilet.eu\/de\/#\/schema\/logo\/image\/","url":"https:\/\/mobilet.eu\/de\/wp-content\/uploads\/sites\/2\/2022\/11\/mobilet-handyparken-01.jpg","contentUrl":"https:\/\/mobilet.eu\/de\/wp-content\/uploads\/sites\/2\/2022\/11\/mobilet-handyparken-01.jpg","width":1920,"height":1280,"caption":"stadtraum GmbH"},"image":{"@id":"https:\/\/mobilet.eu\/de\/#\/schema\/logo\/image\/"},"sameAs":["https:\/\/www.facebook.com\/mobilet.de","https:\/\/www.instagram.com\/mobilet.de\/"]}]}</script>
<!-- / Yoast SEO plugin. -->

Kallmünz | mobilet.de

Mit mobilet mobil und digital. Deine gesamte Mobilität in einer App - mobilet. Jetzt mobilet in kallmünz entdecken!
