{"id":14594,"date":"2024-07-03T15:34:47","date_gmt":"2024-07-03T13:34:47","guid":{"rendered":"https:\/\/mobilet.eu\/de\/?post_type=support&#038;p=14594"},"modified":"2024-09-04T09:15:05","modified_gmt":"2024-09-04T07:15:05","slug":"wie-funktioniert-das-modul-fahrradbox","status":"publish","type":"support","link":"https:\/\/mobilet.eu\/de\/support\/wie-funktioniert-das-modul-fahrradbox\/","title":{"rendered":"Wie funktioniert das Modul Fahrradbox?"},"content":{"rendered":"\n<p class=\"wp-block-paragraph\">\u00dcber die mobilet App kannst du dir unterwegs eine Fahrradbox mieten und dort dein Fahrrad sicher unterstellen, sodass es vor schlechtem Wetter und Diebst\u00e4hlen gesch\u00fctzt ist. Du kannst die Boxen auch im Voraus reservieren und f\u00fcr einen frei w\u00e4hlbaren Zeitraum zu mieten. In der App kannst du sehen, wo genau du die Fahrradboxen findest. Hier w\u00e4hlst du dann die Box aus.<\/p>\n\n\n\n<p class=\"wp-block-paragraph\">An bestimmten Standorten bieten wir zudem die Option, dein Fahrradzubeh\u00f6r, wie Helm und andere Wertgegenst\u00e4nde, sicher einzuschlie\u00dfen.<\/p>\n","protected":false},"excerpt":{"rendered":"<p>\u00dcber die mobilet App kannst du dir unterwegs eine Fahrradbox mieten und dort dein Fahrrad sicher unterstellen, sodass es vor &#8230; <a href=\"https:\/\/mobilet.eu\/de\/support\/wie-funktioniert-das-modul-fahrradbox\/\" aria-label=\"Weiterlesen \u00fcber Wie funktioniert das Modul Fahrradbox?\">Weiterlesen \u00fcber Wie funktioniert das Modul Fahrradbox?<\/a><\/p>\n","protected":false},"author":16,"featured_media":0,"template":"","support":[36],"class_list":["post-14594","support","type-support","status-publish","hentry","support-fahrradbox"],"yoast_head":"<!-- This site is optimized with the Yoast SEO plugin v27.4 - https:\/\/yoast.com\/product\/yoast-seo-wordpress\/ -->\n<title>mobilet.de<\/title>\n<meta name=\"robots\" content=\"index, follow, max-snippet:-1, max-image-preview:large, max-video-preview:-1\" \/>\n<meta property=\"og:locale\" content=\"de_DE\" \/>\n<meta property=\"og:type\" content=\"article\" \/>\n<meta property=\"og:site_name\" content=\"mobilet.de\" \/>\n<meta property=\"og:image\" content=\"https:\/\/mobilet.eu\/de\/wp-content\/uploads\/sites\/2\/2022\/11\/mobilet-handyparken-01.jpg\" \/>\n\t<meta property=\"og:image:width\" content=\"1920\" \/>\n\t<meta property=\"og:image:height\" content=\"1280\" \/>\n\t<meta property=\"og:image:type\" content=\"image\/jpeg\" \/>\n<meta name=\"twitter:card\" content=\"summary_large_image\" \/>\n<script type=\"application\/ld+json\" class=\"yoast-schema-graph\">{\"@context\":\"https:\\\/\\\/schema.org\",\"@graph\":[{\"@type\":\"CollectionPage\",\"@id\":null,\"url\":\"\",\"name\":\"\",\"isPartOf\":{\"@id\":\"https:\\\/\\\/mobilet.eu\\\/de\\\/#website\"},\"inLanguage\":\"de\"},{\"@type\":\"WebSite\",\"@id\":\"https:\\\/\\\/mobilet.eu\\\/de\\\/#website\",\"url\":\"https:\\\/\\\/mobilet.eu\\\/de\\\/\",\"name\":\"mobilet.de\",\"description\":\"Handyparken und mehr \u2026\",\"publisher\":{\"@id\":\"https:\\\/\\\/mobilet.eu\\\/de\\\/#organization\"},\"potentialAction\":[{\"@type\":\"SearchAction\",\"target\":{\"@type\":\"EntryPoint\",\"urlTemplate\":\"https:\\\/\\\/mobilet.eu\\\/de\\\/?s={search_term_string}\"},\"query-input\":{\"@type\":\"PropertyValueSpecification\",\"valueRequired\":true,\"valueName\":\"search_term_string\"}}],\"inLanguage\":\"de\"},{\"@type\":\"Organization\",\"@id\":\"https:\\\/\\\/mobilet.eu\\\/de\\\/#organization\",\"name\":\"stadtraum GmbH\",\"url\":\"https:\\\/\\\/mobilet.eu\\\/de\\\/\",\"logo\":{\"@type\":\"ImageObject\",\"inLanguage\":\"de\",\"@id\":\"https:\\\/\\\/mobilet.eu\\\/de\\\/#\\\/schema\\\/logo\\\/image\\\/\",\"url\":\"https:\\\/\\\/mobilet.eu\\\/de\\\/wp-content\\\/uploads\\\/sites\\\/2\\\/2022\\\/11\\\/mobilet-handyparken-01.jpg\",\"contentUrl\":\"https:\\\/\\\/mobilet.eu\\\/de\\\/wp-content\\\/uploads\\\/sites\\\/2\\\/2022\\\/11\\\/mobilet-handyparken-01.jpg\",\"width\":1920,\"height\":1280,\"caption\":\"stadtraum GmbH\"},\"image\":{\"@id\":\"https:\\\/\\\/mobilet.eu\\\/de\\\/#\\\/schema\\\/logo\\\/image\\\/\"},\"sameAs\":[\"https:\\\/\\\/www.facebook.com\\\/mobilet.de\",\"https:\\\/\\\/www.instagram.com\\\/mobilet.de\\\/\"]}]}<\/script>\n<!-- \/ Yoast SEO plugin. -->","yoast_head_json":{"title":"mobilet.de","robots":{"index":"index","follow":"follow","max-snippet":"max-snippet:-1","max-image-preview":"max-image-preview:large","max-video-preview":"max-video-preview:-1"},"og_locale":"de_DE","og_type":"article","og_site_name":"mobilet.de","og_image":[{"width":1920,"height":1280,"url":"https:\/\/mobilet.eu\/de\/wp-content\/uploads\/sites\/2\/2022\/11\/mobilet-handyparken-01.jpg","type":"image\/jpeg"}],"twitter_card":"summary_large_image","schema":{"@context":"https:\/\/schema.org","@graph":[{"@type":"CollectionPage","@id":null,"url":"","name":"","isPartOf":{"@id":"https:\/\/mobilet.eu\/de\/#website"},"inLanguage":"de"},{"@type":"WebSite","@id":"https:\/\/mobilet.eu\/de\/#website","url":"https:\/\/mobilet.eu\/de\/","name":"mobilet.de","description":"Handyparken und mehr \u2026","publisher":{"@id":"https:\/\/mobilet.eu\/de\/#organization"},"potentialAction":[{"@type":"SearchAction","target":{"@type":"EntryPoint","urlTemplate":"https:\/\/mobilet.eu\/de\/?s={search_term_string}"},"query-input":{"@type":"PropertyValueSpecification","valueRequired":true,"valueName":"search_term_string"}}],"inLanguage":"de"},{"@type":"Organization","@id":"https:\/\/mobilet.eu\/de\/#organization","name":"stadtraum GmbH","url":"https:\/\/mobilet.eu\/de\/","logo":{"@type":"ImageObject","inLanguage":"de","@id":"https:\/\/mobilet.eu\/de\/#\/schema\/logo\/image\/","url":"https:\/\/mobilet.eu\/de\/wp-content\/uploads\/sites\/2\/2022\/11\/mobilet-handyparken-01.jpg","contentUrl":"https:\/\/mobilet.eu\/de\/wp-content\/uploads\/sites\/2\/2022\/11\/mobilet-handyparken-01.jpg","width":1920,"height":1280,"caption":"stadtraum GmbH"},"image":{"@id":"https:\/\/mobilet.eu\/de\/#\/schema\/logo\/image\/"},"sameAs":["https:\/\/www.facebook.com\/mobilet.de","https:\/\/www.instagram.com\/mobilet.de\/"]}]}},"_links":{"self":[{"href":"https:\/\/mobilet.eu\/de\/wp-json\/wp\/v2\/support\/14594"}],"collection":[{"href":"https:\/\/mobilet.eu\/de\/wp-json\/wp\/v2\/support"}],"about":[{"href":"https:\/\/mobilet.eu\/de\/wp-json\/wp\/v2\/types\/support"}],"author":[{"embeddable":true,"href":"https:\/\/mobilet.eu\/de\/wp-json\/wp\/v2\/users\/16"}],"version-history":[{"count":2,"href":"https:\/\/mobilet.eu\/de\/wp-json\/wp\/v2\/support\/14594\/revisions"}],"predecessor-version":[{"id":15482,"href":"https:\/\/mobilet.eu\/de\/wp-json\/wp\/v2\/support\/14594\/revisions\/15482"}],"wp:attachment":[{"href":"https:\/\/mobilet.eu\/de\/wp-json\/wp\/v2\/media?parent=14594"}],"wp:term":[{"taxonomy":"support","embeddable":true,"href":"https:\/\/mobilet.eu\/de\/wp-json\/wp\/v2\/support?post=14594"}],"curies":[{"name":"wp","href":"https:\/\/api.w.org\/{rel}","templated":true}]}}

<p class="wp-block-paragraph">Über die mobilet App kannst du dir unterwegs eine Fahrradbox mieten und dort dein Fahrrad sicher unterstellen, sodass es vor schlechtem Wetter und Diebstählen geschützt ist. Du kannst die Boxen auch im Voraus reservieren und für einen frei wählbaren Zeitraum zu mieten. In der App kannst du sehen, wo genau du die Fahrradboxen findest. Hier wählst du dann die Box aus.</p>



<p class="wp-block-paragraph">An bestimmten Standorten bieten wir zudem die Option, dein Fahrradzubehör, wie Helm und andere Wertgegenstände, sicher einzuschließen.</p>

<p>Über die mobilet App kannst du dir unterwegs eine Fahrradbox mieten und dort dein Fahrrad sicher unterstellen, sodass es vor &#8230; <a href="https://mobilet.eu/de/support/wie-funktioniert-das-modul-fahrradbox/" aria-label="Weiterlesen über Wie funktioniert das Modul Fahrradbox?">Weiterlesen über Wie funktioniert das Modul Fahrradbox?</a></p>
